. Suppose -5*t + 7*t - x = 0. What are the prime factors of t?
2, 13
Suppose 10*p = 11*p + 319. Let u = -202 - p. Suppose -9*j + u = -8*j. What are the prime factors of j?
3, 13
Let v = -103 + 317. Let d = v - -80. List the prime factors of d.
2, 3, 7
Let n = -441 + 934. Let l = -327 + n. What are the prime factors of l?
2, 83
Suppose 2*t - 3*c + 15 = 35, 4*c + 29 = 3*t. Suppose -t*j - 360 = -8*j. Suppose -z = -4*p - 100, 7*p - j = -4*z + 3*p. List the prime factors of z.
2, 23
Suppose -602*h + 2864668 = -186*h - 497860. What are the prime factors of h?
59, 137
Suppose 275*o - 21108 - 25986 = 272*o. What are the prime factors of o?
2, 47, 167
Suppose -t + 2*p + 1992 = 0, -5*t - 4*p = -4370 - 5632. Let i = t + -962. What are the prime factors of i?
2, 7, 37
Suppose -6*n + 612 = -114. Let b = 461 - 206. Suppose -3*f + 4 = 2*u - n, 5*u - b = 4*f. What are the prime factors of u?
5, 11
Let u(j) = 17 - 117*j + 109*j - 5. Let x be u(0). What are the prime factors of 3/(-12) + 975/x?
3
Let u = -138 - -158. Let r = 13 + u. What are the prime factors of r?
3, 11
Let f be ((-27)/12)/(15/(-40)). Let b(m) = -m - f*m - m**2 + 2 + 0*m**2 + 3. List the prime factors of b(-5).
3, 5
Suppose 5*m = -2*u + 33595, -m + 2*u = -6353 - 354. What are the prime factors of m?
3, 2239
Let g(z) = -z**3 - 31*z**2 + 65*z - 27. Let k = 6 - 39. List the prime factors of g(k).
2, 3
Let u = -83 + 34. Let i = u - -58. Suppose 4*t - 33 = -5*q + 3*t, q + t = i. What are the prime factors of q?
2, 3
Let y = 43 + -39. Suppose 17*k - 78 = y*k. Suppose k*f = -4*f + 250. List the prime factors of f.
5
Suppose 54448 = 47*u - 55908. List the prime factors of u.
2, 587
Suppose -464*h = 4*f - 467*h - 25642, 3*f = 4*h + 19221. What are the prime factors of f?
5, 1283
Suppose -2*b = -2, 0 = 2*r - 17*b + 14*b - 3729. List the prime factors of r.
2, 3, 311
Let g(y) = -41*y + 4. Let z be g(3). Suppose 0 = -2*d + 4*w - 132, -7*w = 3*d - 3*w + 178. Let q = d - z. What are the prime factors of q?
3, 19
Suppose -27082*g + 27068*g + 575386 = 0. What are the prime factors of g?
73, 563
Suppose 15266 = -7*a + 74234. What are the prime factors of a?
2, 3, 13
Let s = 156 - 103. Suppose 5*y = 4*c + 67, y - 5*y = -3*c - s. Let x(g) = 6*g - 35. List the prime factors of x(y).
31
Let v = 33 - 30. Suppose v*w - 2*w + 9 = -2*d, 3*d = -4*w - 26. What are the prime factors of (-32)/6*d*(-9)/(-6)?
2
Suppose -27*y + 15695 = -22*y. Let d = y + -1631. What are the prime factors of d?
2, 13, 29
Let b(y) = -4*y**2 + 12*y + 21. Let c(r) = -3*r**2 + 12*r + 22. Let k(f) = 4*b(f) - 5*c(f). Let s be k(-4). What are the prime factors of ((-6)/18 - 10/s)*-61?
2, 61
Let d = 188 - 211. Let n(x) = x + 65. List the prime factors of n(d).
2, 3, 7
Let y = -36 - -38. Let t be y*4*(5 + (-30)/12). Suppose 3*p + c = 174, 5 = 5*c + t. List the prime factors of p.
59
Let n = -35 + 36. Suppose -5*s + 29 = -t, 2*s + t - 7 = -n. Suppose -4*m = -s*m + 41. What are the prime factors of m?
41
Suppose 11*k - 16977 - 43980 = 610. What are the prime factors of k?
29, 193
Suppose 6*i - 69944 = 199*k - 200*k, -i + k = -11648. List the prime factors of i.
2, 31, 47
Let n(l) = l**3 + l**2 - 7*l. Let d(j) = j**3 + 7*j**2 + 12*j + 7. Let q be d(-5). Let t be n(q). Suppose -6 = -t*v + 3. List the prime factors of v.
3
Suppose -303*m = -317*m + 111314. List the prime factors of m.
7951
Let p = 50 - 52. Let c be (-9)/(-6) + p + (-6)/4. What are the prime factors of ((-52)/6)/(7/126*c)?
2, 3, 13
Let a = -13830 + 23957. What are the prime factors of a?
13, 19, 41
Let j = -578 + 1202. Suppose 4*w - 3*w = j. Suppose -5*q = -13*q + w. What are the prime factors of q?
2, 3, 13
List the prime factors of (-9852700)/(-520) - (-2)/4.
2, 3, 1579
Let h = 1336 - -11131. What are the prime factors of h?
7, 13, 137
Let o = -3794 - -3793. Let d be 1*28/(4/(-2)). What are the prime factors of (o - (-63)/6)/((-1)/d)?
7, 19
Let n(d) = 3*d**3 + 2*d**2 + 9*d - 6. Let h(m) = 7*m - 22. Let p be h(10). Let l = -45 + p. What are the prime factors of n(l)?
2, 3, 5
Let s = 88 - 90. List the prime factors of (s + 6 + -5 + 330)*1.
7, 47
Let p(n) = 41*n + 141. Let o(u) = 42*u + 140. Let c(f) = -2*o(f) + 3*p(f). What are the prime factors of c(14)?
13, 53
Suppose -434*h = 5*k - 433*h - 2727, -3*k = 5*h - 1623. List the prime factors of k.
2, 3, 7, 13
Let b = -88 + 38. Let v be 1 - (b/18 - 2/9). Suppose -111 = -5*p + 4*p + 2*q, -432 = -v*p + 5*q. What are the prime factors of p?
103
Let t = 100045 - 68445. What are the prime factors of t?
2, 5, 79
Let c(n) = n**3 + 89*n**2 + 285*n + 969. List the prime factors of c(-81).
2, 3, 2531
Let o(v) = 148*v - 12. Let i be o(3). Suppose i = -16*d + 19*d. Let h = -76 + d. What are the prime factors of h?
2, 17
Let o be ((-2)/6*1)/((-182)/9282). Suppose -o*n + 4383 = -8*n. List the prime factors of n.
487
Suppose 4*i + 106*z - 102*z = 29140, -5*i = -3*z - 36457. What are the prime factors of i?
37, 197
Let w = 35 + -25. Suppose 10 = w*l - 5*l. Suppose -3*k = 3*f - 664 + 46, -l*f + 415 = -k. What are the prime factors of f?
3, 23
Let k be (0 + -1)*(-17 + 723). Let y = k + 1306. List the prime factors of y.
2, 3, 5
Suppose -3*w + 12 = -w. Let b = w - -121. Suppose -p + b = 3*q, -5*p - 2*q + 615 = 3*q. What are the prime factors of p?
11
Let t(x) = x**3 + 9*x**2 + 6*x. Let i(n) = -3*n**3 - n**2. Let y be i(-1). Suppose y*l = 3*a + 22, 3*a = -6*l + l - 8. List the prime factors of t(a).
2, 3
Let a(d) = -d**2 + 8*d + 7. Let g be a(4). Suppose 18*b = g*b + 1410. Let j = -147 - b. What are the prime factors of j?
3, 5
Suppose 65*l = 67*l - 4*t - 18522, -4*t = 3*l - 27723. List the prime factors of l.
3, 3083
Let b(i) = i**2 + 6*i - 12. Let k be b(-8). Suppose -2*g = 2*g - k, -2*g - 23 = -5*h. Suppose -6 = -3*m + 5*m, h*m + 155 = c. What are the prime factors of c?
2, 5, 7
Let r(d) = 2*d - 142 - d**3 + 97 - 3*d - 2*d. What are the prime factors of r(-10)?
5, 197
Suppose -436*x = -8804803 - 22679193. List the prime factors of x.
72211
Let c(g) = -g**3 - 24*g**2 - 63*g - 5. Let j = -142 + 120. What are the prime factors of c(j)?
7, 59
Let o = 96 + -91. Suppose 3*z - o*v = 803, -2*v + 113 = 2*z - 433. List the prime factors of z.
271
Let s(t) = -1678*t - 2484. What are the prime factors of s(-12)?
2, 3, 1471
Let k(f) = -3*f**2 - 29*f + 101. Let y(t) = -t**2 - 15*t + 51. Let j(v) = -2*k(v) + 5*y(v). Let g be j(13). What are the prime factors of 10*g/2 + 98?
103
Suppose 0 = -4*q + 2*k + 62, -11*q + 9*q = 5*k - 61. Suppose 10731 = -q*c + 45417. List the prime factors of c.
41, 47
Let a(s) be the first derivative of 32 - s + 8*s - s - 20*s**2. What are the prime factors of a(-3)?
2, 3, 7
List the prime factors of (9 - (-24)/(-3) - 609)*-21.
2, 3, 7, 19
Let z = 53 - 28. Let b(d) = 5*d - 39 - 38 + 84 + z*d. What are the prime factors of b(4)?
127
Suppose -6*a + 9 = -3*a, g - 4152 = 2*a. List the prime factors of g.
2, 3, 7, 11
Suppose 64 = f + 59. Suppose 334 = x + 5*h, 5*h - 25 = -f. What are the prime factors of x?
2, 157
Suppose 5139987 - 665411 = 82*y. What are the prime factors of y?
2, 19, 359
Suppose 5*w + 3*j - 18 = 0, w - 5*j - 38 = -2*w. What are the prime factors of 2355/w - (-21)/(-14)*-1?
2, 197
Let c be (-20)/70 - 528/14. Let q(k) = -9*k - 98. List the prime factors of q(c).
2, 61
Suppose 3*t + 7 = 13. Suppose t*c + 2952 = 3*z - c, -1984 = -2*z - 2*c. List the prime factors of z.
2, 13, 19
Suppose -k + 5*k - 320 = 0. Let f be -5 - 1 - k/(-16). List the prime factors of 180/(-40)*(-55 - f).
3
Let j(y) = y**2 + 5*y. Let c be j(-8). Let m be 0/(c/(-14) + 2/(-7)). Suppose 2 + 6 = -4*a, m = 3*g + a - 214. List the prime factors of g.
2, 3
Suppose -2*u - 2 = 5*q + 8, 4*u = -q + 16. Suppose -u*d = -42 + 7. Suppose 4*y = d*y - 126. What are the prime factors of y?
2, 3, 7
Let k = 73956 - 19954. List the prime factors of k.
2, 13, 31, 67
Let m(t) = t**2 - 8*t + 14. Let f be m(4). Let o be (1*-31)/(4/(-32)*f). Let s = 227 + o. List the prime factors of s.
103
List the prime factors of 3282 - (-4)/2 - (-42 - -51).
5, 131
Let m be ((-4)/(-5))/(22/165). Suppose -3*d + m = -9. Suppose -b + 3*i + 36 = 0, -d*b = 4*i - 220 + 59. List the prime factors of b.
3, 11
Let n(c) = -178 + 336 + c - 175. Let d be n(13). What are the prime factors of (d - -195)/(-2 + 3)?